2*a = -x - 9 + 144. Let u = -67 + x. What are the prime factors of u?
2, 17
What are the prime factors of ((-43617)/6)/(-8 - -3*(-30)/(-12))?
7, 31, 67
Let l(j) = j**3 + 8*j**2 + 182 - 152 + 0*j - 7*j. What are the prime factors of l(-9)?
2, 3
Let j = 4 - 2. Suppose -365 = -j*u + 499. List the prime factors of u.
2, 3
Let j(c) = -1 - 5 + 2*c + 6*c - 3. Let i(m) = -13*m + 31. Let h be i(2). What are the prime factors of j(h)?
31
Let p(y) = -42*y**3 - 3 + 21*y**2 + 41*y**3 - y - 16*y**2. List the prime factors of p(-6).
3, 7, 19
Let i(y) = y**3 - 4*y**2 - y + 8. Let l be i(4). Let z(p) = 27 + l*p + 5*p - p. What are the prime factors of z(10)?
107
Let i be 4/(-48) + 52129/(-132). Let f = i + 809. List the prime factors of f.
2, 3, 23
Suppose 0 = -w + h + 19453 - 2040, h = 3*w - 52239. What are the prime factors of w?
11, 1583
List the prime factors of 5 - (5 + 361/(-57) + 144808/(-6)).
3, 13, 619
Let h(n) = -n + 1. Let f be h(-1). Let l(g) = 2*g + 1 + 3*g - 4*g + 2*g**f. What are the prime factors of l(-4)?
29
What are the prime factors of 3400 - (168/30 + 0 - (-3)/(-5))?
5, 7, 97
Let u(l) = -l**2 + 8*l + 2. Let k be u(7). Let x = k - -570. What are the prime factors of x?
3, 193
Suppose 0 = 4*y - 4*s - 9412, -17*s = 5*y - 12*s - 11685. What are the prime factors of y?
5, 7, 67
Let u = 282 + -152. Let r = u - 50. Let z = r - 0. What are the prime factors of z?
2, 5
Let r = -4437 - -20748. List the prime factors of r.
3, 5437
Let y(z) be the third derivative of -z**5/60 + 5*z**4/12 + 4*z**3/3 + 12*z**2. Let w be y(13). Let p = w + 42. What are the prime factors of p?
11
Let d be (-816)/(-85) - (-2)/5. Suppose -d + 18 = i. Suppose -i*l - 240 = -10*l. List the prime factors of l.
2, 3, 5
Let o(f) = 2*f**3 - 53*f**2 + 39*f - 876. What are the prime factors of o(36)?
2, 3, 131
Let r = -17 - -38. Suppose 16*t - 20 = r*t. What are the prime factors of (-3)/t*(-1)/(1/(-28))?
3, 7
Let r(g) = g**2 + 9*g - 23. Let d be r(-11). What are the prime factors of 48/(-48) - d*523*1?
2, 3, 29
Let r(n) = 232*n**3 - 10*n**2 + 50*n + 7. What are the prime factors of r(3)?
13, 487
Let w = 42471 - -158. Suppose -17*i + 64*i = w. List the prime factors of i.
907
Suppose -2*u + 3942 = -2*w, -7*w - 9861 = -5*u - 4*w. Suppose 0*c - 2*c = -5*s - 1, -c = -5*s + 12. Suppose u = k + c*k. List the prime factors of k.
3, 47
Suppose 2*f = 1315 + 643. Suppose 0 = 2*p - 3*d - f, 5*p = 3*d - 4*d + 2490. List the prime factors of p.
7, 71
Let d(t) = -73*t + 3. Let h be d(5). Let y = 370 - h. What are the prime factors of y?
2, 3, 61
Suppose 0 = 18*d - 30542 - 125320. List the prime factors of d.
7, 1237
List the prime factors of 6/(-69) + (1844448/(-46))/(-8).
2, 7, 179
Suppose 119*p - 117*p - 5*m - 3819 = 0, 1908 = p - m. List the prime factors of p.
1907
Let g(d) = -140*d + 32. Let f be g(-5). Suppose -142 = 2*t - f. List the prime factors of t.
5, 59
Let n = 203 + -201. List the prime factors of (-33460)/(-90) + n/9.
2, 3, 31
Suppose 3*b = -5*h - 11 + 2, 2*h = -3*b. Suppose -4*d + 796 + 20 = -3*z, b*d = -z + 398. List the prime factors of d.
3, 67
Let b(r) = -r**3 - 18*r**2 + 19*r + 2. Let h be b(-19). Suppose -5*w = -h*w - 198. List the prime factors of w.
2, 3, 11
Suppose 0 = -3*g - 4 - 2, c = 4*g + 7973. List the prime factors of c.
3, 5, 59
Let g = 594 - -7. Let n = -349 + g. What are the prime factors of n?
2, 3, 7
Let t(a) = -3*a - 57. Let d be t(-19). Let r(x) = -x**2 - x + 350. List the prime factors of r(d).
2, 5, 7
Suppose 5*u = y + 4*y + 15070, 0 = -u + 2*y + 3010. List the prime factors of u.
2, 3, 503
Let x be 1/2 - (-6 + (-725)/(-10)). Let r = 1217 - x. What are the prime factors of r?
1283
Suppose -196 = -27*u + 20. What are the prime factors of 612 - (5/(-20))/((-1)/u)?
2, 5, 61
Suppose -3*g = -4*k - 7710 - 12330, -2*g + 13314 = 5*k. What are the prime factors of g?
2, 3, 139
Let f = 12003 + 8445. List the prime factors of f.
2, 3, 71
Suppose 8*l = 11178 - 2322. Let j = l + -512. List the prime factors of j.
5, 7, 17
Let b(j) be the third derivative of 21*j**4/8 + 19*j**3/2 + 140*j**2. What are the prime factors of b(10)?
3, 229
Let h(m) = 662*m - 4166. What are the prime factors of h(68)?
2, 5, 19, 43
Let a = -28 + 77. Let f = 1584 - a. List the prime factors of f.
5, 307
Let q(u) = 2*u + 15. Let s be q(-5). Suppose -45 = -8*o + s*o. Suppose o + 11 = 2*w. What are the prime factors of w?
13
Let q(n) = 110*n + 191. Let v be q(-7). Let u = 1028 + v. What are the prime factors of u?
449
Let k be (-5)/(10/(-52)) - (2 - -1). Let m = k + -2. Let z = m - -36. What are the prime factors of z?
3, 19
Let q = 555 - 225. Suppose -4*r + q = -1762. What are the prime factors of r?
523
Suppose 0*x = -3*x - 66. Let d(c) be the second derivative of -c**3/3 + 219*c + 2. List the prime factors of d(x).
2, 11
Suppose 0 = -2*h - 4, -4*h + 1 = -0*v + 3*v. What are the prime factors of 107*(16/4 - v)?
107
What are the prime factors of -76884*(-57)/646 + ((-45)/51 - -1)?
2, 53
Suppose 257*q - 256*q - 1501 = -v, -4*q = 2*v - 3000. List the prime factors of v.
2, 751
Let h(b) = 3*b + 3. Let m be 4/14 + 27/(-21). Let x be h(m). Suppose 5*a - 35 - 10 = x. List the prime factors of a.
3
Suppose -31*l = -43*l + 11604. Let w = l + -491. List the prime factors of w.
2, 7, 17
Let s(r) = -r**2 - 8*r - 2. Let z be s(-8). List the prime factors of (-8)/z + 8*68 - 3.
5, 109
Let c be ((-12)/(-5))/((-32)/(-80)). Let a(d) = 7*d**2 + 14*d + 8. List the prime factors of a(c).
2, 43
Let p = -2865 - -4644. Let w = p + -756. List the prime factors of w.
3, 11, 31
Let z(g) = 23*g**2 - 11*g - 2. Let m be z(-10). Suppose 5*a = -j - 184 + 810, 4*a = 4*j - m. List the prime factors of j.
2, 3, 101
Let j = 26 - 22. Suppose j*s = -7*s. Suppose 8*r - 6*r - 178 = s. What are the prime factors of r?
89
Let m = -593 + 597. Suppose -3816 = -3*z + q + 4*q, m*q + 3813 = 3*z. What are the prime factors of z?
7, 181
Let r = -18824 - -69973. What are the prime factors of r?
7, 7307
Let v be (34/(-187) - 46/(-11)) + 67. Suppose -9*q = -10*q + v. What are the prime factors of q?
71
What are the prime factors of ((-2)/(-3)*441/(-392))/((-1)/29012)?
3, 7253
Suppose 2 = -2*p + 2*t, 4*t + 28 = 2*p + 32. Suppose p = -8*i + 46*i - 27284. What are the prime factors of i?
2, 359
Let n(f) = 1. Let l(g) = -9*g - 18. Let u(h) = -l(h) - 9*n(h). Let y be u(0). Suppose -y*j + 143 = -109. List the prime factors of j.
2, 7
Suppose -7886 = -2*j + 2*y, -j - 10*y + 3955 = -15*y. List the prime factors of j.
2, 5, 197
Suppose 0 = n - 2*q - 9402, 2*n - 18819 = -3*q + 4*q. What are the prime factors of n?
2, 13, 181
Suppose 2*z + 3*d - 7*d + 7488 = 0, 14926 = -4*z - 2*d. What are the prime factors of 48/(-112) - z/7?
13, 41
Let g be 1662 + 1*(-7 + 14). Suppose -3*o + 6 = 21, -4*z = -5*o - g. List the prime factors of z.
3, 137
Suppose 751*z - 761*z + 105680 = 0. What are the prime factors of z?
2, 1321
Suppose 2*q = -q + 33. Let t(m) = -6*m + 268. Let r be t(35). Let n = r + q. List the prime factors of n.
3, 23
Let x be 5 + -78 + -4 - -4. Let n = 78 + x. Suppose -k + 130 = n*t, -k - t + 61 + 57 = 0. What are the prime factors of k?
5, 23
Let u(p) = -3*p**2 + 60*p + 3. Let m be u(17). List the prime factors of ((-483)/4)/((-13)/m).
3, 7, 23
Let n(k) = -22*k + 106. Let u be n(-9). List the prime factors of ((-17)/19 - -1) + 151056/u.
7, 71
Suppose -2*z + c = 29, -3*c = 2*c - 25. Let u be (-16)/z*(1 - -2). List the prime factors of 24 - (-7 + u - -3).
2, 3
Let k = 64228 - 41806. List the prime factors of k.
2, 3, 37, 101
Let b be (-541)/(-7) + 4/(-14) + 0. Let x = b + -75. Suppose -x*m + 87 = -j, 5*m - 103 = 3*j + 117. List the prime factors of m.
41
Let f be ((-15)/2)/(8/(-32)). Let d(n) = 13*n**2 + 6*n + 12*n**2 - 17 + f*n**3 + 10*n - 32*n**3. What are the prime factors of d(13)?
2, 11
Suppose -2*v - 2*s + 1836 = 0, 0 = -4*v + 3*v + 4*s + 928. Suppose -2*x = -7*x + v. Let o = 324 - x. What are the prime factors of o?
2, 5, 7
Suppose 3*c = -i + 19840, 9*i = 4*i - 5*c + 99220. What are the prime factors of i?
2, 9923
List the prime factors of ((-4)/(-18) - (-3187)/36)/((-14)/(-3304)).
5, 59, 71
Suppose 3*u = 5*k - 45402, 9060 = k + 144*u - 148*u. What are the prime factors of k?
2, 3, 757
Let v(t) = -1188*t - 6. Let a be v(-1). Suppose -a = -9*b